{"id":997,"date":"2020-11-16T16:21:37","date_gmt":"2020-11-16T16:21:37","guid":{"rendered":"https:\/\/projesolda.pt\/?page_id=997"},"modified":"2020-11-23T23:07:43","modified_gmt":"2020-11-23T23:07:43","slug":"promocoes","status":"publish","type":"page","link":"https:\/\/projesolda.pt\/index.php\/promocoes\/","title":{"rendered":"Promo\u00e7\u00f5es"},"content":{"rendered":"\t\t<div data-elementor-type=\"wp-post\" data-elementor-id=\"997\" class=\"elementor elementor-997\">\n\t\t\t\t\t\t<section class=\"elementor-section elementor-top-section elementor-element elementor-element-f0727b3 elementor-section-boxed elementor-section-height-default elementor-section-height-default\" data-id=\"f0727b3\" data-element_type=\"section\" data-e-type=\"section\">\n\t\t\t\t\t\t<div class=\"elementor-container elementor-column-gap-default\">\n\t\t\t\t\t<div class=\"elementor-column elementor-col-100 elementor-top-column elementor-element elementor-element-07760a1\" data-id=\"07760a1\" data-element_type=\"column\" data-e-type=\"column\">\n\t\t\t<div class=\"elementor-widget-wrap elementor-element-populated\">\n\t\t\t\t\t\t<div class=\"elementor-element elementor-element-648182f elementor-widget elementor-widget-heading\" data-id=\"648182f\" data-element_type=\"widget\" data-e-type=\"widget\" data-widget_type=\"heading.default\">\n\t\t\t\t<div class=\"elementor-widget-container\">\n\t\t\t\t\t<h1 class=\"elementor-heading-title elementor-size-default\">FIO FLUXADO KOBELCO - 60.00\u20ac<\/h1>\t\t\t\t<\/div>\n\t\t\t\t<\/div>\n\t\t\t\t\t<\/div>\n\t\t<\/div>\n\t\t\t\t\t<\/div>\n\t\t<\/section>\n\t\t\t\t<section class=\"elementor-section elementor-top-section elementor-element elementor-element-279fd6fe elementor-section-boxed elementor-section-height-default elementor-section-height-default\" data-id=\"279fd6fe\" data-element_type=\"section\" data-e-type=\"section\">\n\t\t\t\t\t\t<div class=\"elementor-container elementor-column-gap-default\">\n\t\t\t\t\t<div class=\"elementor-column elementor-col-100 elementor-top-column elementor-element elementor-element-443be14\" data-id=\"443be14\" data-element_type=\"column\" data-e-type=\"column\">\n\t\t\t<div class=\"elementor-widget-wrap elementor-element-populated\">\n\t\t\t\t\t\t<div class=\"elementor-element elementor-element-1bf0ac0d elementor-widget elementor-widget-text-editor\" data-id=\"1bf0ac0d\" data-element_type=\"widget\" data-e-type=\"widget\" data-widget_type=\"text-editor.default\">\n\t\t\t\t<div class=\"elementor-widget-container\">\n\t\t\t\t\t\t\t\t\t<h3>Kobelco Familiarc DW-A51B<\/h3><p>(tipo b\u00e1sico), \u00d8 1.2mm 15kg, 60\u20ac (4\u20ac\/kg)<br \/>G\u00e1s recomendado &#8211; 80%Ar &#8211; 20%CO2<br \/>EN ISO 17632-A-T 42 2 B M 1 H5<br \/>AWS A5.20 E71T-5M-J<\/p><p>Ao valor acresce IVA \u00e0 taxa legal em vigor.<\/p><p>Promo\u00e7\u00e3o limitada ao stock existente.<\/p>\t\t\t\t\t\t\t\t<\/div>\n\t\t\t\t<\/div>\n\t\t\t\t\t<\/div>\n\t\t<\/div>\n\t\t\t\t\t<\/div>\n\t\t<\/section>\n\t\t\t\t<section class=\"elementor-section elementor-top-section elementor-element elementor-element-8c83acc elementor-section-boxed elementor-section-height-default elementor-section-height-default\" data-id=\"8c83acc\" data-element_type=\"section\" data-e-type=\"section\">\n\t\t\t\t\t\t<div class=\"elementor-container elementor-column-gap-default\">\n\t\t\t\t\t<div class=\"elementor-column elementor-col-100 elementor-top-column elementor-element elementor-element-546ed88\" data-id=\"546ed88\" data-element_type=\"column\" data-e-type=\"column\">\n\t\t\t<div class=\"elementor-widget-wrap elementor-element-populated\">\n\t\t\t\t\t\t<div class=\"elementor-element elementor-element-3311940 elementor-widget-divider--view-line elementor-widget elementor-widget-divider\" data-id=\"3311940\" data-element_type=\"widget\" data-e-type=\"widget\" data-widget_type=\"divider.default\">\n\t\t\t\t<div class=\"elementor-widget-container\">\n\t\t\t\t\t\t\t<div class=\"elementor-divider\">\n\t\t\t<span class=\"elementor-divider-separator\">\n\t\t\t\t\t\t<\/span>\n\t\t<\/div>\n\t\t\t\t\t\t<\/div>\n\t\t\t\t<\/div>\n\t\t\t\t\t<\/div>\n\t\t<\/div>\n\t\t\t\t\t<\/div>\n\t\t<\/section>\n\t\t\t\t<\/div>\n\t\t","protected":false},"excerpt":{"rendered":"<p>FIO FLUXADO KOBELCO &#8211; 60.00\u20ac Kobelco Familiarc DW-A51B (tipo b\u00e1sico), \u00d8 1.2mm 15kg, 60\u20ac (4\u20ac\/kg)G\u00e1s recomendado &#8211; 80%Ar &#8211; 20%CO2EN ISO 17632-A-T 42 2 B M 1 H5AWS A5.20 E71T-5M-J Ao valor acresce IVA \u00e0 taxa legal em vigor. Promo\u00e7\u00e3o limitada ao stock existente.<\/p>\n","protected":false},"author":3,"featured_media":0,"parent":0,"menu_order":0,"comment_status":"closed","ping_status":"closed","template":"templates\/page-fullwidth_template.php","meta":{"footnotes":""},"class_list":["post-997","page","type-page","status-publish","hentry"],"_links":{"self":[{"href":"https:\/\/projesolda.pt\/index.php\/wp-json\/wp\/v2\/pages\/997","targetHints":{"allow":["GET"]}}],"collection":[{"href":"https:\/\/projesolda.pt\/index.php\/wp-json\/wp\/v2\/pages"}],"about":[{"href":"https:\/\/projesolda.pt\/index.php\/wp-json\/wp\/v2\/types\/page"}],"author":[{"embeddable":true,"href":"https:\/\/projesolda.pt\/index.php\/wp-json\/wp\/v2\/users\/3"}],"replies":[{"embeddable":true,"href":"https:\/\/projesolda.pt\/index.php\/wp-json\/wp\/v2\/comments?post=997"}],"version-history":[{"count":14,"href":"https:\/\/projesolda.pt\/index.php\/wp-json\/wp\/v2\/pages\/997\/revisions"}],"predecessor-version":[{"id":1090,"href":"https:\/\/projesolda.pt\/index.php\/wp-json\/wp\/v2\/pages\/997\/revisions\/1090"}],"wp:attachment":[{"href":"https:\/\/projesolda.pt\/index.php\/wp-json\/wp\/v2\/media?parent=997"}],"curies":[{"name":"wp","href":"https:\/\/api.w.org\/{rel}","templated":true}]}}